g = -4*d + 46. Calculate the remainder when 23 is divided by d.
9
Calculate the remainder when 4/(-6) + (-2408)/(-21) + 5 is divided by 40.
39
Let r = 38 - 23. What is the remainder when 57 is divided by r?
12
Suppose -d = 2*p - 3*d, 2*d - 3 = 3*p. Let n = p - 4. Let f(g) = g**3 + 7*g**2 - 2*g - 9. Calculate the remainder when f(n) is divided by 3.
2
Suppose 2 = 2*w - 4*w. Let t(u) = 3*u**3 + 2*u**2 - 1. Let g be t(w). Calculate the remainder when 33 is divided by ((-17)/g)/((-1)/(-2)).
16
Suppose -21*n = -23*n + 90. Suppose 77 = 5*m - 3. Calculate the remainder when n is divided by m.
13
Suppose 0 = 5*q - 6*y + 7*y - 84, -2*q - y = -36. Calculate the remainder when 37 is divided by 1 + q + (-4)/(-2).
18
Let w = -5 + 25. Calculate the remainder when 79 is divided by w.
19
Suppose 3*b + b = 52. Calculate the remainder when 51 is divided by b.
12
Let x = 22 + -14. What is the remainder when x is divided by 6?
2
Let u(f) = 2*f**2 + 7*f - 2. Suppose w - 15 = -4*l, 16 + 19 = -4*w + 3*l. What is the remainder when 36 is divided by u(w)?
10
Let x(n) = -2*n - 8. Let s be x(-7). Suppose 4*i = -3*y + 13, 0 = -0*i - i + 2*y + s. Calculate the remainder when 7 is divided by i.
3
Let z = 15 - 11. Suppose -z*q - c + 128 = 0, -6*q + 4*c = -5*q - 49. What is the remainder when q is divided by 17?
16
Let m = 11 + -6. What is the remainder when m is divided by 4?
1
Suppose 2*l - 64 - 6 = 0. Suppose -z + 3*f = 0, 3*z + 24 = 4*z + 3*f. What is the remainder when l is divided by z?
11
Let a(n) = n + n - 2*n + 10 - n. Calculate the remainder when 13 is divided by a(3).
6
Let y(m) = -m**3 - 9*m**2 - 10*m + 2. Calculate the remainder when y(-8) is divided by 4.
2
Suppose -2*o - 3 = -5*q + 60, 2*q - 27 = -o. What is the remainder when q is divided by 5?
3
Let m = 73 + -68. Calculate the remainder when m is divided by 2.
1
Let l(s) = 3*s + 15. Calculate the remainder when l(12) is divided by 27.
24
Suppose 3*r = 4*a - 5*a + 11, 2*r + 5*a = 29. Suppose r*w + 4*j - 6 = -0*w, 5*j + 33 = 2*w. Calculate the remainder when 16 is divided by w.
7
Let u = 107 + -60. Let a(i) = i + 41. What is the remainder when u is divided by a(-17)?
23
Suppose 0 = 4*x + 2*v - 34 + 10, -3*x - v = -18. What is the remainder when 15 is divided by x?
3
Let a = 2 + -2. Suppose a = t - 6 + 2. What is the remainder when 13 is divided by t*(-1)/(-2)*4?
5
Suppose z - 135 = -4*z + 2*y, 136 = 4*z + 4*y. What is the remainder when z is divided by 11?
7
Suppose -4*f - 8 = 0, -3*f = -2*o + 2*f - 2. Let c(j) = 2*j**2 + 8*j - 3. What is the remainder when 39 is divided by c(o)?
18
Let z(d) be the second derivative of 0 + 2*d**2 + 0*d**3 + 3*d + 1/12*d**4. What is the remainder when 10 is divided by z(0)?
2
Let j = -45 + 64. Suppose 1 + j = 5*d. Suppose 2*v - 5*u = 8 + 4, 4*v + 5*u = 24. What is the remainder when v is divided by d?
2
Let i be -3 - (9/(-3) - 3). Suppose -2*s + 230 = i*s. Calculate the remainder when s is divided by 16.
14
Let u = -35 + 60. Calculate the remainder when 48 is divided by u.
23
Let t(p) = -p**2 - 12*p - 7. Calculate the remainder when t(-10) is divided by 5.
3
Calculate the remainder when 33 is divided by (-88)/(-5) - (-16)/40.
15
Let s(l) = l + 6. Calculate the remainder when 77 is divided by s(14).
17
Suppose q - 17 - 23 = 0. Calculate the remainder when q is divided by 16.
8
Suppose 5 = -c + 2*c. Let a = -11 - -23. Calculate the remainder when a is divided by c.
2
Suppose 0 = 5*v - 4*v - 13. Let r be v/(-4)*(-8)/1. Suppose 3*d = -4*u + d + 86, u - r = d. Calculate the remainder when u is divided by 12.
11
Suppose 0 = -2*c + 1 + 3. Suppose h = -c*h. Suppose h*x = 2*x - 48. Calculate the remainder when x is divided by 13.
11
Let c(f) = -f**2 - 5*f. Let s be c(-5). Let o(b) = b**2 + 13. Calculate the remainder when 24 is divided by o(s).
11
Let w = 2 + 1. Let z = -2 + w. What is the remainder when 24 is divided by 11 + (1 - z/(-1))?
11
Suppose -h + 3*k = -5 - 11, -4*k - 40 = -2*h. Calculate the remainder when 110 is divided by h.
26
Let a(i) = i**3 + 10*i**2 + 2*i + 22. What is the remainder when 7 is divided by a(-10)?
1
Let w(u) = 34*u - 9. Calculate the remainder when w(2) is divided by 16.
11
Suppose r - 60 = -c, 75 = 3*r + 2*c - 108. What is the remainder when r is divided by 22?
19
Suppose 4*v + 12 = v. Let m be 68 - (-1)/(2/v). Suppose -m = 4*k - 7*k. Calculate the remainder when k is divided by 8.
6
Let m(w) = 25*w - 1. Calculate the remainder when m(3) is divided by 19.
17
Let m(s) = 2*s**2 + s - 4. Let l be m(-3). Suppose l = 3*y - 1. Let o(q) = 10*q + 1. What is the remainder when o(1) is divided by y?
3
Let u be 2*(-2 - (-4)/8). Let j = -9 - -16. Let i = j + u. Calculate the remainder when i is divided by 3.
1
Let n be 4/(-14) + (-14)/(-49). Let m = 3 - n. Suppose 0 = 2*d - 3*j - 23, -5*d - m*j + 0*j = -5. Calculate the remainder when d is divided by 3.
1
Let o be 50 + 1*0/(-1). What is the remainder when ((-540)/o)/(2/(-5)) is divided by 7?
6
Let t(g) = g + 10. What is the remainder when t(12) is divided by 0 + 8 + -1 + 1?
6
Let s(o) = -o**3 - 7*o**2 - 8*o + 1. Let x = -9 - -3. Calculate the remainder when 4/(-10) - 122/(-5) is divided by s(x).
11
Suppose 3*f - 4*q - 138 - 173 = 0, 0 = 4*q + 8. What is the remainder when f is divided by 15?
11
Let x(c) = -c**3 - 10*c**2 - 11*c - 4. Let q = -13 + 52. Calculate the remainder when q is divided by x(-9).
11
Let m(w) = -w**3 + 4*w**2 - 2*w + 4. Calculate the remainder when 10 is divided by m(3).
3
Let q = -123 + 140. Let y(j) = -j**3 - j**2 + j + 67. Calculate the remainder when y(0) is divided by q.
16
Suppose 0 = 7*c - 4*c - 33. What is the remainder when 30 is divided by c?
8
Suppose 2*w + 10 = -0*w. What is the remainder when 60 is divided by w - (-4 + 1) - -18?
12
Let i = 8 - 9. Let y be 6 + i*(2 - 1). Calculate the remainder when ((-36)/(-10))/(1/y) is divided by 10.
8
Let c be ((-3)/2)/((-1)/(-2)). Let k = 5 + c. What is the remainder when 6 is divided by (4/(-2))/k - -5?
2
Let g = 153 + -107. Calculate the remainder when g is divided by 12.
10
Suppose r = 7*r - 150. Let y(d) = d**2 - d + 1. Calculate the remainder when r is divided by y(-3).
12
Let d = 4 + -16. Suppose 0 = 3*k - 0*s + 2*s + 26, 0 = -k - s - 10. Let q = k - d. What is the remainder when 21 is divided by q?
3
Let n be (-11)/4 - 2/8. Calculate the remainder when 15 is divided by (-4)/(-1) - (3 + n).
3
Suppose 0 = -2*k + k + 4*d - 10, 2*k - 30 = -2*d. Calculate the remainder when 38 is divided by k.
8
Suppose 5*i + 4*f = -f - 70, -3*i + 4*f = 21. Let x = -11 - i. Suppose x = -2*j - 2*j + 20. What is the remainder when 7 is divided by j?
2
Let i = 17 - 2. What is the remainder when i is divided by 6?
3
Let o(r) = 2*r**2 - 10*r + 8. Let z be o(6). Suppose -2*l + z = -3*w, w + 2 + 21 = 3*l. Let c = 11 - l. Calculate the remainder when c is divided by 2.
0
Let r = 69 + -6. Calculate the remainder when r is divided by 16.
15
Let i(u) = -u**2 - 5*u + 4. Let q = -5 + 1. Calculate the remainder when 13 is divided by i(q).
5
Let p = -16 - -24. Calculate the remainder when 93 is divided by (p*-2 - -4)*-2.
21
Suppose -3*a = -2*a - 4. Calculate the remainder when (-2)/a - 130/(-4) is divided by 11.
10
Suppose -4*u + 366 - 94 = 0. Calculate the remainder when u is divided by 10.
8
Suppose 2*o = -3*o + 2*v + 317, 309 = 5*o - 4*v. What is the remainder when 324 is divided by o?
64
What is the remainder when (-4)/(-15)*-57*10/(-4) is divided by 24?
14
Let b(y) = -y**2 + 2*y - 4. Let c be b(4). Calculate the remainder when (28/c + 3)*9 is divided by 3.
0
Let k = 7 + -12. Let h = 8 + k. Let r = 6 - h. Calculate the remainder when r is divided by 2.
1
Suppose 0 = 2*z + 4*u - 17 - 15, 3*z = u + 27. Let n = 18 + 0. Calculate the remainder when n is divided by z.
8
Let u(r) be the first derivative of 4*r**2 - 6*r - 1. Let l(b) = b**3 - 8*b**2 + 8*b + 7. Calculate the remainder when u(4) is divided by l(7).
12
Let a = -19 - -73. Calculate the remainder when a is divided by 20.
14
Let j(c) = 8*c + 5. Let q be j(-5). Let n be (-1210)/(-18) - 8/36. Let f = n + q. Calculate the remainder when f is divided by 11.
10
Suppose -5*d = 35 - 10. Let p = -3 - d. Suppose -2*b - 13 = -5*a + 14, -3*a + 1 = -5*b. Calculate the remainder when a is divided by p.
1
Let b(k) = 1 + 0*k**3 